*2 - 123*m + 58. Let h(a) = -9*a**2 - 134*a + 60. Let u(k) = 5*h(k) - 6*q(k). Determine u(-23).
-25
Let k(h) be the first derivative of 18 - 3*h - 7/3*h**3 - 1/4*h**4 + 4*h**2. Give k(-8).
-3
Let c be 30/65 - 576/234. Let d(q) = -2*q**2 + 5*q**2 - 2 + 0*q**2 + q + q**2. Calculate d(c).
12
Let i be (-14)/(-10) - 3848/520. Let z(t) = t**3 + 6*t**2 + 4*t - 8. Determine z(i).
-32
Let f(d) = 3*d + 1. Suppose -65*g + 25 = -60*g. Suppose 0 = 4*v + 4*q - 8*q + 4, 2*v + g*q + 16 = 0. Determine f(v).
-8
Let u(a) = 2*a**2 - 17*a + 4. Let s(i) = i**2 - 15*i + 3. Let g(t) = 5*t + 7. Let l be g(-2). Let b(j) = l*s(j) + 2*u(j). Calculate b(-11).
-1
Let y = 40 + -37. Let w be 1 + 5 + (y - (1 - -5)). Let k(n) = 0*n - w*n + 3 + n + 3*n. Calculate k(-8).
-5
Let c be (8/6 - (-50)/(-30))*0. Let q(l) = l**3 + 448 - 22*l**3 + 0*l**2 - 447 + c*l**2. What is q(1)?
-20
Let w(b) = -7*b**3 + 2*b**2 + 2*b. Let l = -7 + -7. Let i = 13 + l. Let o be w(i). Let h(y) = y - 3. Determine h(o).
4
Let a(l) = -l**3 - 2*l + 14. Let v be a(0). Let x be 8/(-10)*75/(-10). Suppose v*o - x*o = 16. Let g(c) = 2*c**3 - c**2 + c - 1. What is g(o)?
13
Let v(j) = -21*j**2 - 6*j + 5. Suppose -193 = 4*c - 29*c - 168. Determine v(c).
-22
Let j(d) = 14 + 255*d + 259*d + 251*d - 789*d. Give j(-2).
62
Let k(i) = -i**2 - 2*i + 2. Suppose -f = -3*q + q - 5, -5*q + 4 = 3*f. Let u(b) = -2*b + 3. Let n be u(f). Give k(n).
-1
Let a(r) = -9*r - 12*r + 58 + 54*r. Let s be a(-2). Let q(o) = -o**3 - 7*o**2 + 8*o - 11. Give q(s).
-11
Let g(k) = 13 + 5*k**2 + 22 + 8*k + 35 - 65. What is g(-3)?
26
Let a be ((-94)/235)/(1/(-10)). Let l(r) be the first derivative of 2*r + a + 1/2*r**2. Give l(5).
7
Let u(t) be the third derivative of t**6/120 + t**5/30 + t**4/12 + 4*t**3/3 - 1267*t**2. Calculate u(0).
8
Let b(o) be the third derivative of -o**5/20 + o**4/24 + o**2 + 739*o. Calculate b(1).
-2
Let b(y) = -3*y**2 - 29*y + 4. Suppose -45*g + 11*g - 9504 = -9164. Give b(g).
-6
Let z be ((-28)/(-4) - -6)*1. Let l(r) = -16 + 17 - z*r + 6*r. What is l(1)?
-6
Let k(c) = -c**2 + 1. Let m(i) = -i**2 - 2*i - 6. Let j(n) = -2*k(n) + m(n). What is j(6)?
16
Let j(n) be the first derivative of n**5/20 + n**4/4 - 2*n**3/3 + n**2/2 - 143*n + 142. Let g(k) be the first derivative of j(k). Determine g(-4).
1
Let o(k) = 11*k**3 + k**2 - 7*k. Let n(s) = -93*s**3 - 7*s**2 + 57*s - 1. Let a(c) = 2*n(c) + 17*o(c). Calculate a(-4).
2
Suppose -30 = -4*p - 2*a - 0*a, 10 = p - 2*a. Suppose 6*s - 8*s = -p. Let l(m) = -145 - 2*m - 144 - 143 + 432. Calculate l(s).
-8
Let x(i) be the second derivative of 24*i**2 + 1/2*i**3 - 5*i + 0. Let m be x(-17). Let s(h) = 3*h**2 + h - 3. Determine s(m).
21
Let g(x) be the first derivative of 49 - 7*x + 5/2*x**2 + 1/3*x**3. What is g(-5)?
-7
Let w be (-1 - 6/(-4))*2. Let k(s) = w - 202*s + 4*s**2 + 202*s. Give k(1).
5
Let v(r) = r**2 - r - 28. Let p be v(6). Let c(y) = -6 + 1 + 4*y**2 + p*y + 1. Let d(w) = -9*w**2 - 3*w + 9. Let t(j) = 7*c(j) + 3*d(j). What is t(-5)?
-1
Let y(g) be the second derivative of g**4/12 - 7*g**3/3 - 17*g**2/2 + 33*g - 84. Determine y(15).
-2
Let f = -48 - -29. Let t = -18 - f. Let m(j) = 25*j - t + 17*j - 46*j. Give m(-2).
7
Suppose -2*u - 220 = 3*z + 360, 4*z + 771 = -5*u. Let x = z - -189. Let m(v) = -v**2 - 4*v - 5. Determine m(x).
-10
Let l(r) = 4*r - 9. Let c = -68 - -72. Let a be (-1)/c - (0 + 3/(-12)). Let p be l(a). Let x(n) = n + 13. Give x(p).
4
Let t(r) = -47*r - 42*r - 5*r**2 + 15*r**2 + 18 - 88*r + 200*r - r**3. Determine t(12).
6
Let i(z) = z**2 + 31*z + 30. Let a be i(-30). Let t be (a - -4)*2 - -3. Let x(o) = o**2 - 12*o + 4. Calculate x(t).
-7
Let q(k) = -348*k - 440*k + 790*k + 3. Give q(-14).
-25
Let c(i) = -i**2 + 9*i - 11. Let n(f) = 6*f**3 + 23*f**2 - 9*f - 3. Let r be n(-5). Let v = 141 + r. Give c(v).
-3
Let v = -105 - -99. Let m(i) = 6*i + 17. Let o(a) = 54*a - 33*a + 42 + 18. Let j(n) = -18*m(n) + 5*o(n). What is j(v)?
12
Suppose 0 = 3*i + 5*k - 903 + 174, i - 263 = 5*k. Let y = -258 + i. Let s(b) = 2 + 3*b + 2*b + 6*b + b**2. What is s(y)?
-8
Suppose 142 - 117 = 5*r. Let j(o) = -o**3 - 10*o**2 + 9. Let n be j(-10). Suppose -r*b + n = -2*b. Let a(c) = -6*c - 3. Give a(b).
-21
Suppose 3*m = -4*t + 5065, -3*t + 6*t = -4*m + 3790. Let s = t - 385. Let y(v) = s*v + v**3 - 887*v + 0*v**3 + 4 + 5*v**2. Determine y(-6).
-20
Let c(o) = -o**3 + 8*o**2 - 7*o + 2. Let d(y) = y**2 + 5*y - 2. Let j be d(-6). Suppose -3*g - 13 + j = 0. Let x be (-7)/g*(2 - (-3 + 2)). Give c(x).
2
Let n(m) = 201*m**2 - 205*m + 5. Let q be n(1). Let v(p) be the second derivative of 17*p**4/12 + p**2/2 + p. Give v(q).
18
Let z(f) = -f - 1. Let b(u) = -u**3 + 6*u**2 - u. Let o be b(5). Suppose -o*h + 24 = -14*h. Give z(h).
-5
Suppose -5*p - 2*d = 3*d - 15, 0 = 4*p + d. Let j be (-4 - -8) + (p - (-1 + 3)). Let x be 18/24 - j/(-4). Let s(n) = -17*n + 1. What is s(x)?
-16
Suppose 4*a = -2*q + 6 - 14, 3*q + 5*a + 10 = 0. Let o(w) = -13 + 0 - 2*w - 6 + q. Let u(z) = z + 6. Let y(h) = -3*o(h) - 8*u(h). What is y(6)?
-3
Let f = -27 - -29. Let k(l) be the second derivative of -l**6/120 + l**4/6 - 7*l. Let y(h) be the third derivative of k(h). What is y(f)?
-12
Let p(o) be the third derivative of o**6/120 + o**5/12 + o**4/24 - o**3/6 + o**2. Let n = -1369 - -1365. Give p(n).
11
Let m = 233 + -228. Let b(n) = 12*n + 7. Let u(p) = -17*p - 11. Let w(g) = m*u(g) + 7*b(g). Give w(-3).
-3
Let q(u) = -3*u + 34. Let j(n) = -18*n - 98. Let w be j(-6). Let i be q(w). Let c(s) = -s**2 + 7*s - 14. Determine c(i).
-2
Let x be ((-36)/16 - -4) + 9/(-12). Let a(i) = -301*i + 303*i - x - 2. What is a(3)?
3
Let n(q) = -2*q - 11. Let o be 2 - 4 - 2/(-4) - (-2375)/(-190). Calculate n(o).
17
Suppose -3*n - 2*n - 17 = -2*m, 0 = -n - m - 9. Let b(i) = i + 523 - 523. What is b(n)?
-5
Suppose 2*i = -0*i + 10. Let f(y) be the second derivative of y**4/24 - y**3/3 + 77*y**2/2 + 2*y + 12. Let p(b) be the first derivative of f(b). Determine p(i).
3
Let x = -181 + 184. Let q be (-1)/(1/(-16)) + -7 + x. Let j(h) = -h**3 + 13*h**2 - 11*h - 15. Calculate j(q).
-3
Let f(c) be the second derivative of -5*c**3/3 - 97*c**2 - 7324*c. Give f(-20).
6
Let m(h) be the first derivative of -4*h**2 + 8*h - 11 + 1/4*h**4 - 5/3*h**3. Determine m(6).
-4
Let j(n) = 4*n + 13. Let v be 48/(-60)*(-490)/56. Calculate j(v).
41
Let x(m) be the first derivative of -2*m**3/3 + 11*m**2 - 22*m + 4590. Give x(13).
-74
Let v = -305 - -251. Let s be -9*(-6)/v*-1. Let p(c) = c**2 + 3*c - 2. Calculate p(s).
2
Let x(t) = t**2 + 5*t - 3. Let w = 104 - 104. Let g = -10 + 6. Let v = g + w. Calculate x(v).
-7
Let q(u) be the third derivative of -u**6/120 - 7*u**5/60 - u**4/8 + 2*u**3 + 667*u**2 - u. Determine q(-4).
-24
Let f(x) be the first derivative of -13*x + 1/6*x**3 - 9 - 7/2*x**2. Let v(d) be the first derivative of f(d). Calculate v(0).
-7
Suppose -11*r + 8*r = 3*c - 174, 2*r + 5*c - 119 = 0. Let j(l) = -62 + l - 2*l + r. Calculate j(-9).
4
Let n(c) = -2*c - 792. Let h(i) = i - 54. Let o(w) = 42*h(w) - 3*n(w). Calculate o(-2).
12
Let c be 0*(25/(-10) - -2) - 0/(-2). Let i(y) = 2*y**3 - 2*y + 1. Calculate i(c).
1
Let d(w) = w - 27. Let n(f) be the third derivative of f**4/12 - 17*f**3/2 - 20*f**2 - f. Let u(m) = -11*d(m) + 6*n(m). Give u(-7).
-16
Let p(l) be the first derivative of -l**4/12 + 5*l**3/3 + 7*l**2/2 + 15*l - 56. Let y(q) be the first derivative of p(q). Determine y(11).
-4
Let s(g) = 3*g**3 + g**2 + 7*g + 7. Let v = 7618 - 7619. Calculate s(v).
-2
Let m(l) be the third derivative of l**6/120 + l**5/30 + l**4/24 + 2*l**2 - 22*l. Give m(2).
18
Suppose 1077*v + 7800 + 2456 = 2717. Let g(r) = 3*r**2 - r**2 - 2 - 2 + 8*r. Determine g(v).
38
Suppose -c - 183 = -35. Let i = 141 + c. Let t(u) = -u**2 - 5*u + 16. What is t(i)?
2
Let b(y) = -y**2 - 81*y + 351. Let l be b(4). Let w(p) = 2*p - 28. Give w(l).
-6
Suppose -4*u - 6 = -2*u. Let q(p) = -9*p + 74. Let j be q(8). Let a(v) = 47*v**2 + j - 50*v**2 - v**3 + 3*v + 2. What is a(u)?
-5
Let w(u) be the second derivative of u**4/6 - 3*u**2 + 3178*u. Calculate w(4).
26
Let k(f) be the third derivative of f**5/60 - 23*f**4/8 + 323*f**3/6 - 5885*f**2. Calculate k(64).
3
Let j(f) be the second derivative of 6*f + 23/6*f**3 - 1/2*f**2 - 5. Determine j(1).
22
Suppose -2*n - a - 3 = -5, -3*a = 12. Suppose -4